636 and 17056?
52
What is the highest common divisor of 8353052 and 2516?
68
Calculate the greatest common divisor of 2564 and 628176154.
1282
What is the highest common divisor of 972 and 267355404?
972
Calculate the greatest common divisor of 3272422 and 558.
62
Calculate the greatest common factor of 200 and 117476.
4
What is the greatest common factor of 50181461 and 12135?
809
What is the greatest common divisor of 599 and 4301419?
599
Calculate the highest common factor of 80599678 and 5028.
838
Calculate the highest common factor of 21 and 13471759.
7
What is the highest common factor of 236 and 8345?
1
Calculate the highest common factor of 69325 and 380550.
1475
Calculate the highest common factor of 8890124 and 1384.
692
Calculate the highest common factor of 91200 and 60463200.
2400
What is the highest common divisor of 195 and 1203267?
39
What is the greatest common factor of 924 and 21924078?
66
Calculate the greatest common factor of 8714864 and 336.
16
What is the highest common divisor of 6768734 and 56?
14
What is the highest common divisor of 372253 and 7198639?
5243
Calculate the highest common divisor of 132198576 and 60.
12
What is the highest common divisor of 166480 and 45680?
80
Calculate the highest common divisor of 354573 and 36693.
9
Calculate the highest common factor of 38155 and 5109835.
2935
What is the greatest common divisor of 3310890 and 1422?
474
What is the highest common factor of 173325 and 29175?
75
What is the highest common factor of 85675 and 7897?
149
What is the highest common divisor of 724057 and 170317?
839
What is the greatest common factor of 1956765 and 1197930?
1095
Calculate the greatest common factor of 1572 and 127400644.
524
What is the highest common divisor of 220106108 and 191?
191
What is the highest common divisor of 375 and 48360525?
75
What is the highest common divisor of 268653 and 9471?
231
What is the highest common divisor of 5565 and 114215?
265
What is the greatest common divisor of 129706217 and 361?
361
What is the highest common factor of 165 and 996419226?
33
Calculate the highest common factor of 22269807 and 45.
9
What is the highest common factor of 2821 and 3374111?
13
What is the highest common factor of 42 and 9797074?
14
Calculate the highest common divisor of 5978082 and 424.
106
Calculate the highest common factor of 30556010 and 20.
10
What is the highest common divisor of 1040 and 8414120?
520
What is the greatest common factor of 6900851 and 1208?
151
Calculate the highest common divisor of 2039048 and 71111.
799
Calculate the greatest common divisor of 16929115 and 404.
101
What is the highest common factor of 19513584 and 1296?
144
Calculate the greatest common factor of 87179 and 28.
1
What is the highest common factor of 27250 and 175163?
109
Calculate the highest common divisor of 3765756 and 563549.
1643
Calculate the greatest common divisor of 49 and 1683434053.
49
What is the greatest common divisor of 1020 and 338300?
340
Calculate the greatest common factor of 3303 and 31634299.
367
What is the highest common factor of 20306 and 28471?
71
What is the highest common factor of 1005090 and 366?
6
What is the highest common divisor of 83092272 and 12?
12
Calculate the highest common factor of 30779078 and 799.
799
What is the highest common divisor of 70756 and 4872?
28
What is the greatest common factor of 63248 and 46029?
67
Calculate the highest common divisor of 863856 and 24633.
63
Calculate the highest common divisor of 202 and 3310477.
101
What is the greatest common divisor of 2485420 and 199465?
1435
What is the highest common factor of 6839730 and 90?
90
Calculate the highest common factor of 332341058 and 238.
238
Calculate the greatest common divisor of 5036 and 15518434.
2518
Calculate the highest common divisor of 7938065 and 85.
85
Calculate the greatest common factor of 331050390 and 660.
330
What is the highest common divisor of 187 and 180404895?
11
Calculate the highest common factor of 4674 and 3796190.
82
What is the highest common divisor of 67275 and 4353225?
75
What is the highest common divisor of 58027001 and 30889?
1343
What is the greatest common divisor of 89828495 and 20?
5
Calculate the greatest common factor of 2348 and 770362364.
2348
What is the highest common divisor of 31890 and 7365?
15
Calculate the greatest common divisor of 10044613 and 33496.
4187
Calculate the highest common factor of 483589 and 2577451.
461
What is the greatest common factor of 1126384 and 252?
28
Calculate the greatest common factor of 10741365 and 40645.
3695
Calculate the highest common factor of 104 and 140814297.
13
What is the highest common factor of 120043833 and 819?
273
Calculate the greatest common factor of 5021102 and 14.
2
Calculate the greatest common divisor of 5158143 and 783.
261
What is the greatest common divisor of 21485722 and 2006?
34
Calculate the greatest common divisor of 658621499 and 22673.
3239
Calculate the greatest common factor of 6405 and 1471575.
105
What is the highest common factor of 678 and 82223433?
339
Calculate the highest common factor of 146482752 and 4992.
2496
Calculate the greatest common factor of 218309 and 455.
91
Calculate the greatest common divisor of 2193282 and 4102.
14
Calculate the highest common divisor of 32 and 2411088.
16
Calculate the greatest common divisor of 69174683 and 68.
17
What is the greatest common divisor of 116095 and 2520455?
1085
What is the greatest common factor of 12827278 and 3292?
1646
Calculate the highest common factor of 1737744 and 116768.
656
What is the greatest common factor of 306 and 47515119?
51
Calculate the highest common divisor of 849078 and 30528.
18
What is the greatest common divisor of 2457 and 12262698?
189
Calculate the highest common divisor of 92236 and 13912.
4
What is the highest common factor of 396 and 27440226?
198
Calculate the greatest common divisor of 78 and 1318382.
26
Calculate the highest common factor of 1038 and 537144.
6
Calculate the highest common divisor of 105574 and 1792.
14
Calculate the greatest common factor of 707 and 4135698.
7
Calculate the highest common divisor of 100 and 239227900.
100
What is the highest common divisor of 54433 and 57565?
29
Calculate the greatest common factor of 21392090 and 610.
610
Calculate the greatest common divisor of 720 and 204870480.
240
What is the greatest common divisor of 23858 and 119606?
158
What is the highest common factor of 72 and 664422816?
24
What is the highest common divisor of 182524 and 22?
2
What is the greatest common divisor of 65 and 32327139?
13
What is the greatest common factor of 525669 and 395211?
3837
What is the greatest common divisor of 13875900 and 1083300?
6900
What is the greatest common factor of 25864 and 406601478?
6466
What is the greatest common factor of 765 and 6419580?
15
What is the highest common factor of 12936 and 338654778?
3234
What is the highest common divisor of 7 and 34515733?
7
What is the greatest common divisor of 221815 and 51557?
1199
Calculate the highest common factor of 3 and 20959377.
3
Calculate the highest common factor of 1895278 and 44.
22
What is the greatest common divisor of 87 and 170613757?
29
Calculate the highest common divisor of 3852 and 686034.
18
Calculate the greatest common divisor of 157291040 and 60.
20
What is the highest common divisor of 3862252 and 552?
92
What is the highest common divisor of 149164 and 315772?
356
What is the highest common factor of 74777 and 3337?
47
What is the greatest common factor of 639 and 144813?
3
Calculate the greatest common divisor of 168 and 162546657.
21
What is the highest common factor of 726 and 11459668?
242
What is the highest common divisor of 32 and 44005968?
16
Calculate the highest common factor of 7 and 14991193.
7
Calculate the greatest common divisor of 157537653 and 231.
21
Calculate the greatest common factor of 210 and 14640330.
30
What is the greatest common factor of 344 and 147117104?
344
Calculate the greatest common divisor of 2317878 and 14274.
1098
Calculate the highest common divisor of 969 and 16314747.
51
Calculate the highest common factor of 4918575 and 125.
25
Calculate the greatest common factor of 55491786 and 111.
111
Calculate the great